Suppose 2*j + 3*m - 35 = 12, 12 = -r*m. What is the units digit of j?
8
What is the hundreds digit of 1*(4458/(-9))/(8/(-12))?
7
Let u(c) = c**3 + 12*c**2 - 2*c + 5. Let o be u(-12). What is the tens digit of o + 0 - (-11 - -10)?
3
Let o be (-24)/(-18)*150/4. Let i be -4 + (-3)/((-3)/o). Suppose 0 = -4*f + 2*f - 4*x + i, 0 = x - 4. What is the tens digit of f?
1
Suppose -15576 - 12542 = -17*k. What is the units digit of k?
4
Let f(u) = -16*u - 5. Let g be f(-4). Suppose -5*h - 12 = -3*j + g, -2*j - 2*h = -74. Let o = j + -8. What is the tens digit of o?
2
Let c be ((-2904)/110)/(1/(-10)). Suppose 4*u - c = -8. What is the units digit of u?
4
Let m be 2 + -2 + (-1 - -3). Suppose 5*f = -4*w - 4 + m, -4*w + 6 = f. What is the units digit of -2 + (-1 - (-9 - f))?
4
Suppose -92 = -4*v + 132. Suppose -y + 43 = 3*w, 0 = -3*w - y - 2*y + 51. Let c = v - w. What is the units digit of c?
3
Suppose 2*w + 16 = -3*m, 0 = 5*m - w + 2 + 3. Let r be (0 + 20/16)*8. Let g = r - m. What is the units digit of g?
2
Suppose 3*p = -3*i + 4*p + 7799, -5*i + p + 13001 = 0. What is the units digit of i?
1
Let q = -596 + 1732. What is the units digit of q?
6
Let x = 8626 + -4882. What is the hundreds digit of x?
7
Let r(l) = -2*l**2 + 5*l - 5. Let p be r(4). Let y = -5 + p. Let j = -13 - y. What is the units digit of j?
9
Let o(l) = l**3 + 9*l**2 - 10*l + 5. Let q = -19 - -9. Let k be o(q). Suppose 4*c + 9*s - 76 = k*s, -4*s - 52 = -4*c. What is the tens digit of c?
1
Let q(f) = f**3 - f**2. Let y(d) = -2*d**2 + 14*d - 3. Let w(i) = q(i) + y(i). What is the hundreds digit of w(5)?
1
Let l = -186 + 769. What is the tens digit of l?
8
Let y be (-8)/10*30/(-12). Suppose y*n - 8 = -2*n. Suppose n*o - 4*o + 20 = 0. What is the units digit of o?
0
Let o = 9 - -26. Suppose 5*h - 2*v + 12 = -o, -v = -h - 10. What is the units digit of 16*(2 - h/(-6))?
8
Let k(o) = 6*o**3 - o. Let w be k(1). Suppose 3*y = -2*q + 33, 0*y = 4*y + 12. Suppose 2*g - 6*f - 3 = -f, 4*g - q = w*f. What is the units digit of g?
9
Let l(q) = 5*q**2 - 49*q - 88. Let r(w) = -3*w**2 + 33*w + 59. Let n(m) = 5*l(m) + 8*r(m). What is the units digit of n(-18)?
4
Let i(y) = -264*y + 19. What is the tens digit of i(-1)?
8
Let d(p) = -50*p + 9. Let q be d(-4). Let k = -110 + q. Let c = -58 + k. What is the units digit of c?
1
Let f(d) = 3*d**2 + 2*d + 80. What is the units digit of f(10)?
0
Let l = -244 + 542. What is the hundreds digit of l?
2
Let p = -124 - -552. What is the tens digit of p?
2
Let k(w) = w**2 + 10*w + 6. Let g be k(-9). Let y be (1 - (-3 - g))*1. Suppose -u + 2 - y = 0. What is the units digit of u?
1
Suppose -3*t + 0*p + 599 = 5*p, 4*p - 994 = -5*t. What is the hundreds digit of t?
1
Let i = 1033 + 594. What is the units digit of i?
7
Suppose 5*q = 10, 13982 - 35018 = -4*r + 2*q. What is the tens digit of r?
6
Suppose 1 + 14 = 3*q. Let p be 105/3*(-156)/q. What is the tens digit of ((-2)/(-3))/((-14)/p)?
5
Suppose 5*z - 2*w - 110 = 0, 0 = 3*z + 5*w - 0*w - 97. Let j = z + -23. What is the units digit of j?
1
Let q be (806/(-52))/(2/4). What is the units digit of 62/q*247*(-2)/4?
7
Suppose -20 = -2*r + 7*r. Let d be r/(-12)*(23 + 4). Suppose -d*w = -w - 248. What is the tens digit of w?
3
Let v be ((-6)/(-5))/((-1)/(-5)). Let d = 70 + -33. Let c = d - v. What is the units digit of c?
1
Suppose 0*f = f - 5. Suppose 4*a - 85 = -a - f*b, -3*a = 5*b - 57. Suppose 0 = d + t - a, 2*d - 40 = -2*t + 4*t. What is the tens digit of d?
1
Suppose -3*p - 2*p + 525 = -3*h, 3*p - 329 = -h. Suppose 2*u = 3*l + p, u + 3*l - 37 = -1. What is the tens digit of u?
4
Let a = -5 + -1. Let v be (7 + a)/(2/4). Let j(b) = 3*b**3 - 2*b**2 + 2*b + 1. What is the units digit of j(v)?
1
Suppose 0 = -3*b - 5*w - 3, -5*b - 3*w + 3 = -8. Suppose -5*i = -9*x + 7*x + 628, 0 = 3*x + b*i - 896. What is the tens digit of x?
0
Let c(r) = -r**2 - 9*r - 11. Let h be c(-4). What is the units digit of 84/8*(51/h - -1)?
0
Suppose -4 = -79*f + 78*f. Suppose -3*m - 3*k + 89 = -43, -3*k + 177 = f*m. What is the tens digit of m?
4
Let f be 70/(-17) + (-26)/(-221). What is the tens digit of (-1694)/(-33) + f/3?
5
Let o = -1719 - -2507. What is the units digit of o?
8
Suppose 4*i - 3*i - 22 = -p, -5*p - 4*i + 114 = 0. Let f = p + -24. Suppose f*n = g - 8, 53 = 4*g - 5*n + 18. What is the tens digit of g?
1
Let s(h) = h**2 - 18*h - 304. What is the tens digit of s(-13)?
9
Suppose 9*r + 10*r - 2755 = 0. What is the units digit of r?
5
Let s(k) = -k**3 + 9*k**2 + 11*k + 10. Let d be s(10). Let c = -13 + d. What is the units digit of c?
7
What is the thousands digit of 4*((1057/4)/1 - -2)?
1
Suppose 29 = 3*d - 4*k, 5*d - 5*k + 0*k = 45. Let m = 11 - d. Suppose -5*x + 144 + 91 = 5*w, 3*w - 120 = m*x. What is the units digit of w?
4
Suppose 0 = -2*b + 7*b - 50. Suppose 208 = 3*x + 2*q + 3*q, 5*q = b. What is the tens digit of x?
6
Let o(t) = -9*t**3 - 5*t**2 - t + 3. Let i be o(2). Let s = 145 - i. What is the units digit of s?
6
Let r = 9 - -8. Let d(c) = -c**2 + 18*c - 6. What is the tens digit of d(r)?
1
Let y be 1/(-3) - 146/(-6). Suppose -2 + 10 = -4*r + h, 5*h + 4 = -2*r. What is the units digit of r/(1*-4)*y?
2
Let d(x) = x**2 + 4*x + 1. Let c be d(-3). Let o = 10 - c. Suppose 3*n = o + 54. What is the units digit of n?
2
Let s(t) = 36*t**3 + 16*t**2 - t + 2. What is the units digit of s(4)?
8
Let u be ((-50)/(-3))/(4/(-18)). Let r = u - -135. What is the units digit of r?
0
Suppose 66*t - 70*t + 8 = 0. Suppose -t*i + 188 + 62 = 0. What is the hundreds digit of i?
1
What is the tens digit of (4836/10)/(-13)*(-190)/4?
6
Let c = -121 + 296. Suppose 5*l - 110 = c. Let u = -34 + l. What is the tens digit of u?
2
Suppose -4*v - 29 - 56 = -3*h, h - 15 = -2*v. Let y = h + -20. Suppose 4*d = 0, -y*s + 39 = -d - 0*d. What is the units digit of s?
3
Suppose -4*s - 3 = -7. What is the units digit of 66*s/8 + 2/(-8)?
8
Let f(m) = -m**2 - 5*m + 7. Let i be f(6). Let w = i - -37. What is the tens digit of 103/3 + w/(-33)?
3
Suppose 25*t - 123855 = 2*t. What is the thousands digit of t?
5
Suppose 0 = -5*r + r + 4*h - 16, 0 = 4*r + 2*h + 46. Let k be r/((-20)/(-12) - 2). Let b = 39 - k. What is the units digit of b?
2
Suppose 242 + 3786 = 4*h. What is the tens digit of h?
0
Let w(u) = 2*u**2 + u - 1. Let i be w(-2). Suppose k - 3*j = -3*k + 32, -4*k + 32 = -i*j. What is the units digit of k?
8
Let g(i) = 1182*i**2 + 6*i. What is the hundreds digit of g(-1)?
1
Let v be ((-3)/2)/(2/60). Suppose 3*c - 9 = -4*g, 5*c + 3*g = 10 + 5. What is the units digit of -2*(c + v/6)?
9
What is the units digit of 10/(-45) - 69188/(-63)?
8
Let l(b) be the second derivative of -b**3/3 - 2*b. Let y = -30 - -20. What is the tens digit of l(y)?
2
Suppose -33 = -3*u + 111. Suppose -u = 5*b - 718. Suppose 0 = 2*w + y - 60, 5*w - y - b = 2. What is the units digit of w?
8
Let l(s) be the third derivative of 1/60*s**5 - 1/2*s**3 - 3/8*s**4 - 6*s**2 + 0*s + 0. What is the units digit of l(10)?
7
Suppose 0 = -11*t + 15*t + 20. Let r = t + 16. What is the tens digit of r?
1
Suppose -4*k = 6 + 14. Let t = k - -84. What is the tens digit of t?
7
Let h(u) = 16*u + 1. Let x(z) = -33*z - 3. Let p(j) = -5*h(j) - 2*x(j). What is the units digit of p(-4)?
7
Let o(s) = s**3 - 9*s**2 + 3*s + 8. Let l be o(6). Let v be (7340/24 - (-2)/12)/2. Let z = v + l. What is the tens digit of z?
7
Let b(g) be the first derivative of -g**3/3 - 17*g**2/2 - 10*g + 7. Let h be b(-14). Suppose -5*v = -v - h. What is the units digit of v?
8
Suppose -2342*t - 3280 = -2350*t. What is the units digit of t?
0
Suppose -11*j + 3205 = 5*h - 6*j, -5*h = 4*j - 3204. What is the units digit of h?
0
Suppose h - 2*x = -3*h, 5*x = 20. Suppose h - 10 = -4*r. What is the units digit of r?
2
Suppose -35*y - 1880 = -39*y. What is the hundreds digit of y?
4
What is the units digit of 2 - (-5)/(-2) - 1734/(-12)?
4
Suppose -3*t + 3*f + 879 = 0, -4*f - 123 - 461 = -2*t. Suppose -t = -5*p + 16. What is the units digit of p?
2
Suppose 0 = -6*r - 3259 + 16117. What is the hundreds digit of r?
1
Let a(v) be the first derivative of v**4/4 + v**3/3 + 10*v + 1. Let u be 0/(-10)*(30/(-12))/(-5). What is the units digit of a(u)?
0
Let g(c) = 4*c**2 + c + 1. Suppose -5*y = -2*y. Suppose -5*r + 12 = -k, 4 = 2*k - y*k + 4*r. What is the uni